r when u/(-12)*(-3)/1 is divided by 24.
16
Let k = 10612 + -10605. Let p = 130 + -42. What is the remainder when p is divided by k?
4
Let l be (-210)/4 + 2/(-4). Let y = l + 37. Let v(k) = -k**2 - 15*k + 18. What is the remainder when 6 is divided by v(y)?
0
Let d be (2 - 6)*-24*(-70)/56. Let j = d + 136. Suppose 2*q - 315 = -3*q. What is the remainder when q is divided by j?
15
Suppose 8*x - 23 - 1 = 0. Let g = 18 + x. What is the remainder when 60 is divided by g?
18
Let p = 39 - -38. Let m = p - 50. What is the remainder when 50 is divided by m?
23
Calculate the remainder when (-8*(-2)/4)/(2/202) is divided by 11.
8
Let q(s) = s**3 - 2*s**2 + 14*s + 48. Calculate the remainder when q(10) is divided by 11.
9
Let y(l) = 72*l**3 - 3*l**2 - 13*l + 14. Calculate the remainder when 83 is divided by y(1).
13
Let p be 4/(-18) - 208/36. Let g(z) = -z - 2. Let r be g(p). Let o(a) = a**2 - a + 1. What is the remainder when 36 is divided by o(r)?
10
Suppose 0 = 4*l + 8, 0*l + 5*l - 152 = -3*p. Suppose m + 4*y + 18 = -0*y, -5*m - p = 2*y. Calculate the remainder when 44 is divided by (-234)/m - 8/20.
21
Let t(f) = -f**3 - 32*f**2 + 105*f + 17. What is the remainder when 252 is divided by t(-35)?
14
Suppose -o = -2*o + 12. Let m(s) = 11*s + 3. Let z(h) = 12*h + 3. Let t(n) = -4*m(n) + 3*z(n). Calculate the remainder when t(-6) is divided by o.
9
Let r(h) = -h**3 + 5*h**2 - 2*h - 2. Let u(y) = 2*y + 27. Let v be u(-12). What is the remainder when 57 is divided by r(v)?
7
Let c be (-20)/(-4)*(-2)/(-15)*9. Let p(d) = d**2 + 6. What is the remainder when p(c) is divided by 11?
9
Calculate the remainder when ((-57)/(-10)*-4)/(1/(-5)) is divided by 17.
12
Let o(t) = -7*t + 423. What is the remainder when o(42) is divided by 67?
62
Let t(c) = 11*c**2 + 3*c. Let q be t(-2). Let w = -15 + q. Let u(a) = -a**2 - 8*a - 3. Calculate the remainder when w is divided by u(-5).
11
Suppose -l = l - 5*n + 11, 4*l = 2*n + 2. Suppose b - l*u = -7*u + 67, 5*u + 221 = 3*b. Calculate the remainder when b is divided by 19.
15
Let t(n) = 2*n + 38. Suppose 5*c + 27 + 46 = -w, 0 = -4*c + 4*w - 44. Calculate the remainder when 11 is divided by t(c).
1
Let x be 10 + 0*3/3. Suppose 0 = -2*p - 3*p + 2*u + x, -9 = -p - u. Let f(g) = 2*g**2 - 12*g - 22. Calculate the remainder when f(8) is divided by p.
2
Suppose 3*l = 2*z - 182, z - 4*l - 19 = 67. Let u = z + -70. Calculate the remainder when 68 is divided by u.
20
Suppose t - 3*y - 69 = 0, 3*t = -3*y + 89 + 94. Let s = -51 - -73. What is the remainder when t is divided by s?
19
Suppose 0 = -5*s, 4*h + 4*s = 2*s + 4. What is the remainder when 77 is divided by -1 - (-20 - (2 - h))?
17
Suppose 4*u - 67 = t, -2*t - u + 81 - 260 = 0. Let g = -85 - t. Let o = 0 + 4. What is the remainder when o is divided by g?
0
Let t(h) = h**2 - 9*h + 15. Let c be t(8). Suppose c*p - 320 = -54. Let w = -10 - -20. What is the remainder when p is divided by w?
8
Let y(a) = 4*a + 1. Let g(o) = -11*o - 8. Let p be g(5). Let j = -43 - p. Calculate the remainder when y(9) is divided by j.
17
Let i(w) = 24*w**3 - 3*w**2 - 2*w + 3. What is the remainder when 46 is divided by i(1)?
2
Let o be (-9)/(-45) + 1728/10. Suppose -3*a = -3*y + 159, -2*y - a = -o + 58. Calculate the remainder when y is divided by -1 + -7*(-3 + 0).
16
Let i = 27 + -26. Calculate the remainder when (20/6)/(2/63*i) is divided by 27.
24
Calculate the remainder when (1 - (-26)/(-8))/((-24)/256) is divided by 17.
7
Let i = 22 - 20. Let y = 2 - i. Suppose -4*u = -5*s + 174, y = -s - 5*u + 30 - 1. What is the remainder when s is divided by 13?
8
Suppose -4*h - 1 = -1. Suppose 3*f = 5*x - 22, 3*x + 4*f - f + 6 = h. What is the remainder when 2 is divided by x?
0
Suppose -50 = -3*o + 2*l, o = 4*l + 37 - 7. Calculate the remainder when 335 is divided by o.
13
Let o = -21 - -40. What is the remainder when 132/9*-1*(-18)/8 is divided by o?
14
Let s = 33 + -22. Suppose 0 = -3*u + 2*x - 3 + 122, x - 177 = -4*u. Calculate the remainder when u is divided by s.
10
Let y(f) = -4*f - 5. Let j be y(-16). Let q = -29 + j. Suppose 7 = c - 1. What is the remainder when q is divided by c?
6
Let p = -215 - -235. Calculate the remainder when p is divided by 5.
0
Suppose 0 = 2*j + 2*j - y + 1402, 3*j + 1061 = -4*y. Let m be 1/2 + j/(-2). Suppose -7*b + 3*b + m = 0. Calculate the remainder when b is divided by 16.
12
Let d be 18 - (-4)/((-4)/4). Calculate the remainder when 29 is divided by d + 4*(-3)/(-6).
13
Let n be 1/(5 + 26/(-5)). What is the remainder when 21 - n/(-10)*-2 is divided by 4?
2
Let k(n) = -n**2 - 4*n - 3. Let o be k(-3). Let i be -3*(-3 - 13/3). Suppose o = -5*f + i + 18. What is the remainder when 29 is divided by f?
5
Calculate the remainder when (-4)/48 + 98825/60 is divided by 22.
19
Let j = -16 + -25. Let v = -15 - j. What is the remainder when v is divided by 10?
6
Let k(p) = 14*p**2 - 6*p - 1. Let j = -51 + 80. What is the remainder when k(-3) is divided by j?
27
Suppose -4*r + 2*c + 48 = 0, 2*c = 4*c. Let f = 21 - r. Suppose -43 = 5*l - 253. Calculate the remainder when l is divided by f.
6
Suppose 125 + 255 = 5*r. Calculate the remainder when r is divided by (8/(-10) + 0)/(22/(-440)).
12
Let w(z) = -z**2 + 5*z + 6. Let h be w(5). Let d be h/21 + 2/(-7). Let s = d - -5. Calculate the remainder when 15 is divided by s.
0
Let j = -102 + 356. Calculate the remainder when j is divided by 16.
14
Let v(d) = d**2 - 7*d + 25. Let r be ((-18)/(-4))/(6/8). Calculate the remainder when 53 is divided by v(r).
15
Let w = 83 + -57. Let a = 0 + w. Calculate the remainder when a is divided by 9.
8
Suppose 986 + 3881 = 31*o. What is the remainder when o is divided by 35?
17
Suppose -f + 19 = -4*y, y + 7 = 10. Calculate the remainder when 130 is divided by f.
6
Suppose 0 = 3*p + 5*k + 1, -4*p = -2*p + k + 3. Let a(s) = -12*s - 5. What is the remainder when 131 is divided by a(p)?
17
What is the remainder when 131 is divided by 7 - ((-66)/(-9))/(-11)*6?
10
Let l = -235 - -273. Let y be 57*((-12)/4 + 4). Suppose -4*w + y = v, w + 3*w - 62 = -2*v. Calculate the remainder when l is divided by w.
12
Let b(r) = r + 10. Let a be b(-9). Let g(q) be the second derivative of 21*q**5/20 - q. Calculate the remainder when g(a) is divided by 8.
5
Calculate the remainder when (2*1)/(81/24138) is divided by 13.
11
Let n = -2 - 1. Let x(b) = -3 + 0 + b**3 - b**3 + 3*b + 2*b**2 - b**3. Calculate the remainder when x(n) is divided by 12.
9
Suppose 4 - 1 = u. Suppose 4*i - 229 = -5*o - 24, 0 = u*i - o - 130. Calculate the remainder when i is divided by 12.
9
Suppose -2*p + 34 - 1 = t, -2*p = 2*t - 30. What is the remainder when 214 is divided by p?
16
Calculate the remainder when 213 is divided by 1/4*(444 + -16 + 8).
104
Suppose 9*y - 5*z - 37 = 7*y, 0 = -4*y + 4*z + 68. Let v = -69 - -116. Calculate the remainder when v is divided by y.
15
Suppose 11*c = 5*c + 228. Calculate the remainder when c is divided by 9.
2
Suppose 4*m = m - 132. Let t = m - -48. Calculate the remainder when 5 is divided by t.
1
Suppose -16*l + 4*f = -18*l + 38, -4*l + 84 = 4*f. Calculate the remainder when 78 is divided by l.
9
Let k(l) = -2*l**2 + 2*l + 4. Let w(p) = -p**2 + p + 5. Let r(z) = -2*k(z) + 3*w(z). Let s = -8 - -8. What is the remainder when 12 is divided by r(s)?
5
Suppose -5*s = -5*m, 6 = 3*s - m - 4. Let d(b) = b**3 - 2*b**2 - 7*b + 3. Let z be d(s). Let o = z - 31. What is the remainder when 35 is divided by o?
11
Suppose -25*j = -23*j - 60. Suppose 2*p - j = -p. Calculate the remainder when 38 is divided by p.
8
Suppose -2*l - 20 = 3*l. Let x(s) = s + 9. Let i be x(l). Suppose -2*q + 32 = i*u, 5*q = -0*u + 2*u + 51. What is the remainder when 42 is divided by q?
9
Suppose -5*i - 4*b - 2 = 10, -i - 5*b - 15 = 0. Calculate the remainder when 31 is divided by (-10 - (i + 3))*-1.
5
Let w(l) be the third derivative of -19*l**4/8 + l**3/3 - 7*l**2. What is the remainder when w(-1) is divided by 31?
28
Let n(p) = 2*p + 8. Suppose -4*u = -k - 0*k - 25, -4*u - 5*k = -19. Let j = -139 - -145. What is the remainder when n(u) is divided by j?
2
Let b(p) = -3*p - 12. Let c be b(-5). Suppose -q = -j - 13, 5*q - 51 = -c*j + j. Calculate the remainder when 42 is divided by q.
9
Let f = -4 + 15. Calculate the remainder when 118 is divided by f.
8